k be n(35). Let x = k - -794. What are the prime factors of x?
5, 7, 11
Let c be (-719)/(-7) + (-2)/(-7). Suppose -232*a + 1072 = -228*a. Suppose 5*q - a + c = b, q + 4*b - 33 = 0. List the prime factors of q.
3, 11
Let o(z) = -351*z**3 + 4*z**2 + 4*z + 6. List the prime factors of o(-2).
2, 17, 83
Let u = -3323 - -16941. List the prime factors of u.
2, 11, 619
Let u(j) be the second derivative of 123*j**4/4 + 10*j. Let c be u(1). Suppose -c - 987 = -6*z. List the prime factors of z.
2, 113
Let t = 3660 + -2650. What are the prime factors of t?
2, 5, 101
Suppose 3*j + 1526 = -4*b, j - 2548 = 6*j + 2*b. Let q = 723 + j. List the prime factors of q.
3, 71
Suppose 190*a - 164*a = 344708. List the prime factors of a.
2, 7, 947
Let u = 11562 + -2205. List the prime factors of u.
3, 3119
Let f = -56147 + 96468. What are the prime factors of f?
61, 661
Suppose s = 4*n + 2014, 14*s - 9*s + 2*n = 10048. List the prime factors of s.
2, 3, 5, 67
Suppose 0 = 5*s + 5*c - 24870, -4*c - 195 = -s + 4764. List the prime factors of s.
3, 1657
Suppose 2*x = 5*k + 7713, 2*x - 8*k + 5*k - 7715 = 0. List the prime factors of x.
17, 227
Let w(l) = 15*l + 37. Let m(c) = -28*c - 75. Let s(t) = -3*m(t) - 5*w(t). What are the prime factors of s(4)?
2, 19
Let d be -36*3/((-18)/(-34)). Let n = d + 290. List the prime factors of 2/((-4)/(-6 - 2)) + n.
2, 3, 5
Let r(a) = -a**2 + 2*a + 10. Let h be r(4). Suppose f - 5 = -d - 1, -d + f + h = 0. List the prime factors of 93 - (-2 + -5 + d).
97
Let r(k) = k**3 + 44*k**2 - 454*k - 75. List the prime factors of r(-33).
2, 3, 4481
Let m(s) = 2*s - 48. Let f be m(8). Let l = f - -30. List the prime factors of l + 4 - 3 - -33.
2
Suppose 485514 + 226958 = -72*i + 220*i. List the prime factors of i.
2, 29, 83
Suppose 5*j = 84 + 86. Suppose -10773 = j*q - 53*q. What are the prime factors of q?
3, 7
Let q(m) = 5*m**3 - m**2 + 33*m - 8. Suppose 33*p = 144 + 21. What are the prime factors of q(p)?
757
Suppose 48 = 262*g - 260*g. Suppose -22*t = -g*t + 628. What are the prime factors of t?
2, 157
Suppose 3144 = -0*b - 24*b. Let s = 23 - b. What are the prime factors of s?
2, 7, 11
Suppose -10*r + 32361 = -30749. List the prime factors of r.
6311
Let v(z) = -1928*z + 482. What are the prime factors of v(-4)?
2, 17, 241
Suppose -2*q = -4*u - 40, -q + 5*u = -6*q + 55. Suppose q*t - 8*t = 888. What are the prime factors of t?
2, 37
Let d(k) = -3*k + 13. Let b be d(13). Let n = -24 - b. Suppose -s + 5*z = -2*s + 48, 4*s - 214 = n*z. What are the prime factors of s?
53
Let k(s) = -s**3 - 6*s**2 - 17*s + 13. Let j be k(-6). Suppose -j = -5*w - 45. List the prime factors of w.
2, 7
Let j(r) = 4*r**3 - 14*r**2 - 4*r + 138. What are the prime factors of j(10)?
2, 19, 71
Suppose n - 75 = 2*v, 0 = 7*n - 3*n - 2*v - 306. List the prime factors of 17311/n + 6/33.
3, 5
Let b be (-100)/(-5)*((-11)/(-5) + -3). Let t(y) = y. Let k(v) = -v**3 - 16*v**2 + 5*v - 8. Let z(n) = -k(n) - 2*t(n). What are the prime factors of z(b)?
2, 3, 5
Suppose -15836 - 96910 = -109*b + 239215. List the prime factors of b.
3229
Suppose 114 = -2*s - 222. Let w = -39 - s. List the prime factors of w.
3, 43
List the prime factors of (-5)/3 + (-154924)/(-33).
13, 19
Let f(p) = 97*p**3 + p**2 - p. Suppose w - 2*d - 9 = 0, 4*w - 5*d = -w + 40. Suppose 13*l - w = 6*l. What are the prime factors of f(l)?
97
Let h(f) = -9*f**2 - 14*f - 85. Let j(a) = 25*a**2 + 43*a + 256. Let p(q) = 11*h(q) + 4*j(q). List the prime factors of p(-28).
3, 41
What are the prime factors of (-5214)/(-5)*(-49)/((-2205)/300)?
2, 11, 79
Let x = 11103 - 11065. List the prime factors of x.
2, 19
Let k(r) = 35*r**2 + 38*r + 516. List the prime factors of k(-22).
2, 3, 5, 277
Suppose -1 - 4 = 5*b. Let q be -3 + (b + -2)*-1. Suppose 4*z = 2*o - 72 - 30, -2*o - 4*z + 62 = q. List the prime factors of o.
41
Let w = -540 + 10646. List the prime factors of w.
2, 31, 163
Let g(z) = 2*z**2 - 15*z + 4. Suppose 14 = -20*x + 22*x. Let d be g(x). What are the prime factors of -69*(-3 - (d + 1))?
3, 23
Suppose 5*z - 3*a = a + 22, z = -4*a + 14. Suppose 5*j + 5*x - 1380 = 0, z*j - 1372 = j - x. What are the prime factors of j?
2, 137
Let p = -35 + 39. Suppose -y - 2 + p = 0. Suppose 26 = y*o + 2. List the prime factors of o.
2, 3
Let j(d) = -3*d - 42. Let t be j(-13). Let r be (-13)/t - (-6 + (-19)/(-3)). Let v(m) = 61*m - 3. List the prime factors of v(r).
241
Let b(x) = x**3 - 4*x**2 - 5*x + 3. Let q be b(5). Suppose -q*u + 18 = 3*a - 0*u, a + 3*u = 12. What are the prime factors of (a - (-305)/10)/(3/12)?
2, 67
Let z be (-22)/44 + 393/2 + 2. Suppose 9*y - z = 81. Suppose -656 = -5*u - y. What are the prime factors of u?
5
Let g = 2596 + 315. List the prime factors of g.
41, 71
Let a = 2965 + -1876. Suppose -5*x - 4*x + a = 0. List the prime factors of x.
11
Let o = -191 + 149. List the prime factors of (-1340)/o + (-22)/(-231).
2
Let b(x) = -2*x**3 + 24*x**2 - 48. Let j be b(17). Let l = -1484 - j. What are the prime factors of l?
2, 727
Let k be ((-8)/(-40))/((-2)/(-15))*-1122. Let w = -940 - k. What are the prime factors of w?
743
Suppose -28 + 103 = f - 5*b, 5*f + 4*b = 230. Suppose -f = -x - 0*x. What are the prime factors of (x/(-75))/((-3)/(117/2))?
13
Suppose 36*r - 164182 = 70862. What are the prime factors of r?
6529
What are the prime factors of -39139*((-7)/(-7)*-1 + 0)?
39139
Let h(l) = -26*l + 497. Let a be h(30). Let w = 1536 - a. List the prime factors of w.
17, 107
Suppose q = f + 5, -f = q - 0*q + 3. Let y(c) = -14*c**2 - c**2 - 3*c**3 + 0*c**2 - q - 21*c + 2*c**3. List the prime factors of y(-14).
97
Let j be 1/((-10589)/2647 + 56/14). Let i = j - -4003. List the prime factors of i.
2, 3, 113
Let p(v) = -39*v**3 + 19*v**2 + v + 33. What are the prime factors of p(-6)?
3, 5, 7, 29
Let k = -796 + 926. Suppose -4*y + 2*w - 160 = y, 135 = -5*y - 3*w. Let j = k + y. What are the prime factors of j?
2, 5
Let b be -12*((-20)/15)/2. Let s be 2 - ((-266)/b)/(2/8). Suppose 9*o = 9 + s. List the prime factors of o.
2
Suppose 55*o - 522590 = 393265 + 7430. What are the prime factors of o?
16787
Suppose -26*g + 1180 = -22*g. Suppose -4*w + g = -293. Let b = w + -111. What are the prime factors of b?
2, 3
Suppose -84*s + 650678 = -1769614. List the prime factors of s.
28813
Suppose -3*q = -q - 2. Let m(x) be the third derivative of 5*x**4/12 - 2*x**3/3 - 54*x**2. List the prime factors of m(q).
2, 3
Suppose -5*g + 156 = -g - 5*b, -5*g - 5*b = -195. List the prime factors of (1983/g - 2) + 2/13.
7
Let n = 640 - 961. Let o = -204 - n. What are the prime factors of o?
3, 13
Let u(g) = -4075*g - 4192. List the prime factors of u(-13).
3, 7, 23, 101
Suppose 2*r + 1 - 11 = 0. Suppose -105*p = -109*p + 1120. Suppose p = r*j - 310. What are the prime factors of j?
2, 59
Let t be (30/(-35))/(6/(-14)). Suppose -2*c + c = t*p - 1292, -p = -c - 640. List the prime factors of p.
2, 7, 23
Suppose -1493046 = -94*q + 8*q. List the prime factors of q.
3, 643
Let z(a) = -24*a**3 + 8*a**2 - 8*a + 6. Let g be z(-8). Let m be 1/4 - g/88. Let f = m - -247. What are the prime factors of f?
101
Suppose 21*m - 20*m = 3. Suppose 0 = -m*k + 674 + 34. What are the prime factors of k?
2, 59
Suppose -3 = -2*h - 1. What are the prime factors of -1*h*(-19 + -1093)?
2, 139
Let w(n) = 7*n + 37. Let r be w(-5). Suppose -710 = -r*k + 200. What are the prime factors of k?
5, 7, 13
Suppose -7508325 = -453*g + 244*g. What are the prime factors of g?
3, 5, 479
Let o(i) = 127*i + 125. Let x be o(5). Let a = 1413 - x. List the prime factors of a.
653
Let g(b) = -113*b + 467. What are the prime factors of g(-137)?
2, 3, 443
Let s be (6 + -3 + -5)*9/(-6). Suppose 5*o - 794 = -s*n + 397, 3*n = 2*o + 1212. What are the prime factors of n?
2, 3, 67
Suppose -15*o + 65 = -10*o + 5*t, o + 4*t = 7. Suppose -21*g + o*g + 2172 = 0. What are the prime factors of g?
2, 181
Suppose 247 = -3*x + 4*w + 2679, -2*x - w = -1625. Suppose -27*y = -20*y - x. What are the prime factors of y?
2, 29
Let z(h) = 4*h**3 + 330*h**2 + 103*h + 75. What are the prime factors of z(-82)?
5077
Suppose -550407 = -34*y + 157269. List the prime factors of y.
2, 3, 3469
Suppose 9*x = -3*x + 10392. Suppose 3728 - x = 3*f. List the prime factors of f.
2, 3, 53
Let z(h) = h + 0 + 15 - 2. Let u be z(